. Suppose -3*r + 2*j + d = 4*j, -3*r = -j - 29. List the prime factors of r.
3
Suppose 3*g - 5400 - 813 = 0. What are the prime factors of g?
19, 109
Suppose 4*y - 21 = f, 7*f - 26 = -4*y + 9*f. Suppose -2*p + 5*p + 711 = y*d, -2*d = -3*p - 357. List the prime factors of d.
3, 59
Let b(r) = r**2 + 12*r + 1. Let c be b(-11). Let o be c/(-10) - (0 + 1). Suppose -y + 2*y + f = 11, -y + 4*f + 21 = o. List the prime factors of y.
13
Let j be 1/(1 + 300/(-305)). Let m = -5 + j. What are the prime factors of m?
2, 7
Let y be -11 - 0/(-1) - 3. Let r be -1 - 7/(y/(-16)). Let k = 12 + r. What are the prime factors of k?
3
Let h(c) = -81*c - 27. Let k be h(-7). Let i = -354 + k. List the prime factors of i.
2, 3, 31
Let d = 82 - 105. Let f = d + 110. What are the prime factors of f?
3, 29
Suppose 0 = -5*o, -2*o = 2*l + 2*o + 332. Let z = -25 - l. What are the prime factors of z?
3, 47
Let p(b) = 604*b**2 - 2*b - 1. Let v be p(-1). Suppose 0*y - 5*y + v = 0. Suppose -3*i + y = -2. List the prime factors of i.
41
List the prime factors of ((-168)/32)/21 - (-4215)/12.
3, 13
Suppose -5 = 27*o - 28*o. Suppose a - 95 + 21 = -3*w, -390 = -5*a + o*w. List the prime factors of a.
7, 11
Suppose 4*u + 128 = -3*p, -66 = 4*p + 4*u + 110. What are the prime factors of 16/(-6)*822/p*6?
2, 137
Let q be (-6)/(-8) - (-21)/(-28). Suppose -3*y - 9 = q, 0 = 2*w - 0*y - y - 53. List the prime factors of w.
5
Let l be (-10)/45 - (-156)/(-27). Let z(s) be the first derivative of s**3/3 + s**2 - 12*s - 2. List the prime factors of z(l).
2, 3
Suppose 0 = 5*j + 5 - 25. Suppose -2*u + 0*r + 93 = r, -j*u + r = -183. What are the prime factors of u?
2, 23
Let p be 4 + -5 + 3 - (-520)/(-10). Let o(m) = -m + 8. Let k be o(0). Let b = k - p. What are the prime factors of b?
2, 29
Let t(z) = -z + 5. Let c be t(5). Let o be (20/12 - 2)*c. Let a = o + 25. List the prime factors of a.
5
Let h = -34 + 37. Suppose -3*f - 139 = -2*k, -h*k + 3*f + 180 = -27. List the prime factors of k.
2, 17
What are the prime factors of (-21)/(((-4)/(-10))/(2800/(-375)))?
2, 7
Let r be 6 + 6/(-3) + 0. Suppose 0*n + n + 2*h = -3, 5*n - r*h - 27 = 0. Let j(m) = 22*m - 8. List the prime factors of j(n).
2, 29
Let a be 1029/(-15) - (1 - 3/5). Let b = a - -95. List the prime factors of b.
2, 13
Let n(u) = 6*u - 30. Suppose 7*r - 39 = 108. List the prime factors of n(r).
2, 3
Let h(w) = 2*w**2 + 6*w - 18. Let b be h(-8). Suppose -3*f + 31 + b = 0. What are the prime factors of f?
31
What are the prime factors of 3693 - 8/(-6)*33/11?
3697
Suppose 2*a - 43 = -5*p, -6 = -a - 5*p + 8. Suppose -4*j = -3*u + 184, 0 = -u + j + 90 - a. List the prime factors of u.
2, 3, 5
List the prime factors of ((-5412)/(-88))/(1/18).
3, 41
Suppose -3192 = -5*p + 623. What are the prime factors of p?
7, 109
Let v be 36/9 - (-1 + 1). Let n(q) = v + 2 + 0*q**2 - q**2 + 8*q. What are the prime factors of n(5)?
3, 7
Let o be (-28)/(-8)*(-4)/(-7). Let q be (-2)/(-6) - 209/(-3). Suppose -o*p + 10 = -q. List the prime factors of p.
2, 5
Suppose 42*g - 43*g + 349 = 0. What are the prime factors of g?
349
Let z(s) = -s**2 + 14*s + 17. Let k be z(15). Suppose 2*g + 33 = 3*u - 0*g, k*u = -3*g + 35. Let c = u + -8. What are the prime factors of c?
5
Let u be (-3)/5 - (-36)/10. Suppose -o - 3*o = 4*f - 456, -346 = -u*o - 2*f. What are the prime factors of o?
2, 59
Suppose -2*w + j + 5450 = 0, -15*j + 13639 = 5*w - 14*j. List the prime factors of w.
3, 101
Let y = -419 - -747. What are the prime factors of y?
2, 41
Let m be (2/(-4))/(3/(-30)). Suppose -m*s + 5*r = -0*s - 15, -2 = -3*s - 4*r. What are the prime factors of 815/35 - s/7?
23
Let d(u) = u**2 + 13*u - 1. Let r = 33 + -46. Let n be d(r). What are the prime factors of (4 - 7) + 64 + n?
2, 3, 5
Let y(a) = 2*a**3 - 16*a**2 - 2*a + 3. List the prime factors of y(9).
3, 7
Let x = 3 + 1. Suppose -x*a + k = -27, 4*k - 3 - 1 = 2*a. Let s(i) = i + 10. List the prime factors of s(a).
2, 3
Suppose 0 = 5*c, -1020 = -i - 5*c + 3*c. Suppose 5*s - i = -3*l + 2*l, -5*s - 5*l = -1020. List the prime factors of s.
2, 3, 17
Suppose -4*c = -0*c + 5*d + 59, 0 = 5*d - 5. List the prime factors of (-232)/c + 2/(-4).
2, 7
Let s be 88/(-110) + (-2)/10. Let x(p) = -p**2 - p. Let w(v) = -7*v**2 - 21*v - 1. Let d(i) = s*w(i) + 5*x(i). List the prime factors of d(-11).
67
What are the prime factors of 8 + (-4*(-5)/(-4) - -3253)?
2, 11, 37
Suppose -64*h + 74*h - 5730 = 0. List the prime factors of h.
3, 191
Let i = 7850 - 4673. What are the prime factors of i?
3, 353
Let n be (-2)/(-7) + 66/14. Suppose x - 3*x + n*t = -45, -x - 2*t + 9 = 0. Let g = 53 - x. List the prime factors of g.
2, 19
Let b = 418 + 411. List the prime factors of b.
829
Suppose -7*t = 4*b - 10*t - 21, -12 = -b + 3*t. Suppose 3*l + b = 12. List the prime factors of l.
3
Let u = -25 + 211. What are the prime factors of u + (-2)/(-6)*3?
11, 17
Suppose 23*j - 26*j - 18 = 0. What are the prime factors of j/(-8) - (-12201)/84?
2, 73
Suppose 3*v = 5*k + 17, -v = 2*v + 5*k - 37. Suppose -3*t + v = -6. Suppose t*m = 7*m - 42. List the prime factors of m.
3, 7
Let z = 7059 + -3753. List the prime factors of z.
2, 3, 19, 29
What are the prime factors of 2257/3 - (-6)/126*-7?
2, 47
Suppose -18*z - 1491 = -21*z. What are the prime factors of z?
7, 71
Let a(g) = -g**2 - 73*g + 89. List the prime factors of a(-41).
3, 467
List the prime factors of (-17817)/(-33) - (-2)/22.
2, 3, 5
Suppose -14454 = -4*i - 18*i. What are the prime factors of i?
3, 73
Suppose -p = 4*t - 3 - 14, 2*p = -5*t + 22. List the prime factors of (t/(-6))/((-8)/708).
59
Suppose -5*s = -2*a - 2*s + 1, -5*a - 2*s - 7 = 0. Let i be 5 + a + (-39 - -2). Let j = i - -78. List the prime factors of j.
3, 5
Let y(g) = -2285*g - 9. List the prime factors of y(-1).
2, 569
Suppose 8*f = 13*f - 1625. Suppose 0 = -h - 4*h + f. What are the prime factors of h?
5, 13
Suppose 0 = 4*z - x - 3, 5*x - 26 = 5*z - 11. List the prime factors of ((-18)/(-27))/(z/27).
3
Let y = -27 - -24. What are the prime factors of (y/2)/((-9)/420)?
2, 5, 7
Let n(a) = 690*a - 24. List the prime factors of n(2).
2, 3, 113
Let s be ((-1)/(-1) - -16)*(-28 + 34). Let k = s + -56. What are the prime factors of k?
2, 23
Let p be (3 + -2 + -3)*1 - 27. Let g = p + 38. List the prime factors of g.
3
List the prime factors of (1568/(-140))/(1/(-35)).
2, 7
Suppose -7*i = -6*i - 11*i. What are the prime factors of 33*(0 - -1) + (-3 - i)?
2, 3, 5
Let f = -26 - -46. Suppose 5*w - w = -4*v + 296, -f = -4*v. Let l = -41 + w. What are the prime factors of l?
2, 7
Suppose 5*t + 3 = -2, 0 = -2*g + 5*t - 3. Let q(c) = -10*c - 1. What are the prime factors of q(g)?
3, 13
Let f(j) = -j**2 + 22*j - 7. Let a(y) = 6*y**2 - 3. Let x be a(2). What are the prime factors of f(x)?
2, 7
Suppose v + 48 = 2*n, 2*v + 98 = -0*n + 3*n. Let c = v - -104. List the prime factors of c.
2, 13
Let o(v) = -5*v**2 + 166*v - 26. What are the prime factors of o(29)?
11, 53
Let v = 3 + 17. Suppose -n + v = -3*n. List the prime factors of (45 + 3)/((-15)/n).
2
Let k be (-4 - 25/(-4))*4. Let r be (2 + (-30)/k)*-27. Suppose -34*j + r*j = 100. List the prime factors of j.
2, 5
Suppose 4*f + u = 9, 8*f = 3*f + 2*u + 21. Suppose 2*v = -h - 3*h + 130, -3*h + f = 0. What are the prime factors of v?
3, 7
Suppose a + 4*a = w - 5683, w = 3*a + 5673. What are the prime factors of w?
2, 3, 23, 41
Let b = -8 + 11. Let s = 40 - b. Suppose 3*a = 5*u - 95, -3*u + 20 = 2*a - s. What are the prime factors of u?
19
Let x = -16 - -32. Let b = 13 - x. List the prime factors of (16 + -1 - b) + -3.
3, 5
Suppose -8*a + 109 = 5. Let t = a + 10. List the prime factors of t.
23
Suppose 5*j - 2142 = 8048. What are the prime factors of j?
2, 1019
Let x(n) be the first derivative of n**3/3 + 4*n**2 + 4*n - 2. Let a be x(-8). Suppose -148 = -5*u - a*p + 2*p, 4 = p. What are the prime factors of u?
2, 7
Let m(t) = 2*t**2 + 5*t + 2. Let v be m(-3). Suppose 126 + 444 = v*s. What are the prime factors of s?
2, 3, 19
Suppose s - 79 = 41. Let q = s + -14. Suppose -5*f + 14 = -q. List the prime factors of f.
2, 3
Let y(c) = 48*c - 36. What are the prime factors of y(7)?
2, 3, 5
Let i = 7676 + -3377. List the prime factors of i.
3, 1433
Suppose 0 = -4*f + 6 + 2, 0 = -5*y + 2*f + 21. Let u(z) = 16*z + 6. List th